ppose q - 22674 = -11*l, 3*q - 10*l - 68022 = -12*l. What are the prime factors of q?
2, 3, 3779
Let j(o) = 23*o - 26. Let k be j(-9). Let g = 716 + k. Suppose -4*x + g = -5*f, 0*x - 112 = -x + 3*f. List the prime factors of x.
127
Suppose 3*y - 4*y - 81 = 2*r, 0 = -r - 2*y - 36. Let i = -48 - r. What are the prime factors of (-3)/i*3*(-960)/(-9)?
2, 5
Suppose 22*p - 18*p - 25941 = -3*i, 3*p - 4*i = 19462. List the prime factors of p.
2, 3, 23, 47
Let v(w) = -w + 1. Let x be v(1). Suppose x = 3*j - 13 + 40. Let u(y) = -y**2 - 14*y - 4. What are the prime factors of u(j)?
41
Let f = 28 - 27. List the prime factors of f*2*(-18126)/(-76).
3, 53
Let v(d) = -3*d**2 - 19*d + 11. Let c be v(-7). What are the prime factors of c/6*2 + (-336)/(-14)?
23
Suppose -432 = p - 13*p. What are the prime factors of ((-237)/(-2))/(9/p)?
2, 3, 79
Let s = 69927 + -37631. List the prime factors of s.
2, 11, 367
Suppose 4*z + j - 50003 = 0, z = j + j + 12512. Suppose 3*n + z = 22*n. List the prime factors of n.
2, 7, 47
Suppose 2*x - 1141 = -3*j, 3*j - 1137 = 24*x - 27*x. Let t = 1 + 1. Suppose -t*p = 4, 2*n - 4*p + 39 = j. List the prime factors of n.
2, 3, 7
List the prime factors of -12*4/32*-798 - 8.
29, 41
Let l(z) = 9*z**3 + 440*z**2 - 12*z - 240. What are the prime factors of l(-45)?
3, 5, 13, 73
Let b(f) be the second derivative of 5*f**4/12 - 4*f**2 - 2*f. Suppose 2*z = 5*m + 13, 2*z = 3*m + 3 + 8. What are the prime factors of b(z)?
2, 3
Suppose 0*a + 5 = -4*a - 3*m, -2*a - 5*m + 1 = 0. List the prime factors of 1432/a*(-2)/4.
2, 179
Suppose -88*x - 1784574 = -110*x. Suppose 56*f = -16437 + x. What are the prime factors of f?
3, 5, 7, 11
Suppose 0*k + 5*k - 30894 = 2*k. List the prime factors of k.
2, 19, 271
Let d(l) = -53*l + 25. Let u be d(-4). Let t = 457 - u. What are the prime factors of t?
2, 5, 11
Let z be (-4888)/40 + 9 + 2/10. Let l(r) = -r**3 - 3*r**2 + 7*r - 2. Let i be l(5). Let a = z - i. What are the prime factors of a?
2, 3
Suppose -4*v = 2*c - 10, 3*v - 4*c = -3*c + 15. Suppose 0 = 4*r - 20, -3*r = v*o - 8*r - 1019. List the prime factors of o.
3, 29
Let c = 155 + -267. Let k = c + 25. Let b = 172 + k. What are the prime factors of b?
5, 17
Let h = 82 + -80. Let s = -2 - h. What are the prime factors of (139 - -2) + 6 + s?
11, 13
Let w be (-86)/(-4)*(-8 + 16). Let n = w + 90. List the prime factors of n.
2, 131
Suppose 0 = 411*l - 433*l + 309078. List the prime factors of l.
3, 7, 223
Suppose 23468 = -34*o + 231514. What are the prime factors of o?
29, 211
Let u(o) = -o**2 - 12*o + 16 + 0*o - 4*o - 2. Let z be u(-14). Suppose -210 = -4*v + z. What are the prime factors of v?
3, 7
Suppose m - 3*y + 444 = 9933, -m + 2*y = -9481. What are the prime factors of m?
3, 5, 631
Let y = 265 + 329. Let j = 74 + y. List the prime factors of j.
2, 167
Let m = 58 - 54. Suppose -1068 = -2*i + m*j, -2*j - 532 = -i - j. Suppose -65*v = -60*v - i. What are the prime factors of v?
2, 53
Suppose -3*x - 2*x + 15 = 0. Suppose 2*m - 86 = -4*f, -4*m = x*f - 5*f + 28. Suppose 3*d - f = d. What are the prime factors of d?
2, 5
Suppose -69*i + 71*i + 468 = 2*s, -4*i - 1166 = -5*s. What are the prime factors of s?
2, 5, 23
Suppose 5*y + w = 55555, -4*w + 18583 = y + 7453. What are the prime factors of y?
2, 5, 11, 101
Let g(a) = 73 + 108 - 308 - 51*a. What are the prime factors of g(-5)?
2
Let p = -1298 - -9658. Suppose p = -17*x + 21841. What are the prime factors of x?
13, 61
Suppose 0 = s - 2, 54*h - 51*h + s = 5267. List the prime factors of h.
3, 5, 13
Let a be 4/16*0 - -4. Suppose 0*y - 3 = 3*y, -p - 4*y = a. Suppose 4*h - 245 - 35 = p. List the prime factors of h.
2, 5, 7
Let w(i) = i**3 + 4*i**2 - 2. Let p be w(-4). List the prime factors of 11/7 + p - (-888)/14.
3, 7
Suppose 2 = -x, -7426 = -4*o + 5*x + 956. Let m = o - 1484. What are the prime factors of m?
3, 7, 29
Let z(b) = -b**3 - 41*b**2 - 78*b - 551. What are the prime factors of z(-44)?
8689
Let k(n) be the second derivative of 14*n - 18*n**2 - 2/3*n**3 + 0. What are the prime factors of k(-16)?
2, 7
Let i = 869 + -865. Let m(r) = 20*r**3 - 5*r**2 + 7*r - 4. Let k be m(4). Suppose -k = -4*h - i*h. List the prime factors of h.
3, 17
Let u be 1/(-2) + 11/((-88)/(-20)). Suppose z = -3, o + u*z - 303 - 561 = 0. List the prime factors of o.
2, 3, 5, 29
Suppose 4*n = 6*n - 14. Suppose 4*d = -z + 1, -3 + n = -4*d. Suppose -a + 28 + 1 = 2*v, z*v - 125 = -4*a. What are the prime factors of a?
5, 7
Let i be (1 - 307)/(10 - 103/10). Suppose 12 + 318 = z + 3*p, p + i = 3*z. What are the prime factors of z?
3, 113
Let m be ((-3069066)/(-84))/((-2)/4). What are the prime factors of 50/925 - m/37?
5, 79
Suppose -45690 = 61*x - 91*x. Suppose x + 1497 = 3*p - i, 5*p + 4*i - 5039 = 0. What are the prime factors of p?
19, 53
List the prime factors of (-392*(-57)/608)/(6/64).
2, 7
Suppose 4*r = 2*w - 6 - 4, 4*w + 2*r = -10. Let y(h) be the first derivative of -2*h**2 + 24. What are the prime factors of y(w)?
2
Suppose -2*b - 42355 = -4*l + 72845, -7*l + 2*b = -201597. List the prime factors of l.
31, 929
Suppose -4*m = -5*c - m + 1979, 3*c = m + 1189. Suppose 5*f = -5*r + 515, 4*f + r = -0*r + c. List the prime factors of (17/(476/120))/(2/f).
2, 3, 5, 7
Suppose -2*h + 1329 - 3915 = -3*h. What are the prime factors of h?
2, 3, 431
Let c = -48813 + 100623. List the prime factors of c.
2, 3, 5, 11, 157
What are the prime factors of (2143738/580 - (-1)/(-10)) + -8?
2, 461
Suppose -2*q + 16134 = 2*k, -11*q + 15*q - 16132 = -2*k. What are the prime factors of k?
2, 2017
Let y = 8635 + -1626. What are the prime factors of y?
43, 163
Suppose 5*s - 16 = -2*c, -4*s + 2*c + 17 = -3. Suppose 944 = s*q - 0*q. Suppose -4*i + q = -2*v, -4*i + 39 + 197 = -3*v. What are the prime factors of i?
59
Let y = -83 - -75. Let o(j) = 9*j**2 - 8*j + 16. Let n be o(y). Suppose -c + 2*s + 853 = 4*c, -n = -4*c - 5*s. List the prime factors of c.
13
Let w(t) = -t. Let s(f) = 8*f + 10. Let m(c) = -s(c) - 5*w(c). Let z be m(-4). Suppose -z*j = 5*g - 83 - 218, g - 57 = -2*j. List the prime factors of g.
61
Let a be (-17)/(1309/29392) - (-2)/(-7). Let j = a + 721. What are the prime factors of j?
3, 113
Let s(u) = -u**2 - 4*u + 14. Let z be s(-6). Suppose 9*x - 490 = z*x. List the prime factors of (x - (-3 + -1)) + 3.
7, 11
Suppose 0 = 5*c - 8*c + 15. Let x be 11/c + 4 + 63/(-15). Suppose 0 = x*p - 0*r - 4*r - 66, -5*p + 2*r = -173. List the prime factors of p.
5, 7
Let w(r) = r**3 - 8*r**2 - 8*r - 11. Let c be (-10)/(-2) - (-1 - -6). Suppose -150 = -c*s - 15*s. List the prime factors of w(s).
109
Suppose -3*a - 544 = -5*i + i, 3*i = -a + 395. Let f = 2793 + -2698. Let q = i - f. List the prime factors of q.
2, 19
Suppose 28 - 4 = -4*p. What are the prime factors of 361 - -1*24/p - 0?
3, 7, 17
Suppose -230*k = 1574404 - 9607614. List the prime factors of k.
53, 659
Suppose -3*c + 8 = -2*a, 0 = 6*c - c - 20. List the prime factors of (4 - a)*(-154)/(-1).
2, 7, 11
Let p = 33681 - 3597. List the prime factors of p.
2, 3, 23, 109
Let w be -724 - 1*(-6 - -4)/2. Let u = w + 1221. What are the prime factors of u?
2, 3, 83
Suppose 3*w + 3 - 6 = 4*g, 2*w + g + 9 = 0. Let v be 2/w*-1 + (-40)/6. Let o(x) = -10*x - 51. List the prime factors of o(v).
3
Suppose 10*b - 5942 - 360537 = z, 3*z + 27 = 0. What are the prime factors of b?
13, 2819
Suppose 11*g - 79518 - 12277 = 0. What are the prime factors of g?
5, 1669
Suppose 3*b = 154*r - 155*r + 79365, 3*b - 79401 = 5*r. What are the prime factors of b?
3, 8819
Let b = -11986 + 19201. List the prime factors of b.
3, 5, 13, 37
Let q(f) = -139*f**3 - f**2 + 2*f + 3. Suppose 16*x - 11*x - 25 = 0. Suppose 2*m = x*h - 12, -2*m - 11 = -m - 5*h. List the prime factors of q(m).
139
Let r = 12254 + -7614. List the prime factors of r.
2, 5, 29
Let j = -11214 + 15340. List the prime factors of j.
2, 2063
Let y(j) = -36*j + 0*j**2 - 5 + j**2 - 2*j**2 + 2*j**2. Let m be y(17). Let s = -186 - m. List the prime factors of s.
2, 71
Let w(a) be the first derivative of a**4/4 + 7*a**3/3 - 11*a**2/2 - 9*a + 28. Let h be w(-8). Let g = h - -44. List the prime factors of g.
59
Let w = 27 + -27. Suppose -9*t = -5*t - 20. Suppose t*k - 598 + 133 = w. What are the prime factors of k?
3, 31
Let b be -86*((-14)/4 - -4). Let s = 82 - 23. 